{"id":69,"date":"2018-01-08T10:14:45","date_gmt":"2018-01-08T10:14:45","guid":{"rendered":"http:\/\/confolab.sav.sk\/ovsb\/?page_id=69"},"modified":"2020-10-28T15:21:12","modified_gmt":"2020-10-28T15:21:12","slug":"biochemia-mol-biologia","status":"publish","type":"page","link":"https:\/\/confolab.sav.sk\/ovsb\/laboratoria\/biochemia-mol-biologia\/","title":{"rendered":"Bioch\u00e9mia\/mol.biol\u00f3gia"},"content":{"rendered":"<p>&nbsp;&nbsp;&nbsp;&nbsp;&nbsp;<button onclick=\"goBack()\">Nasp\u00e4\u0165<\/button><br \/>\n<script>\t \t \nfunction goBack() { window.history.go(-1); }\t \t \n<\/script><br \/>\n<b>Kontakt: RNDr. Alexandra Zahradn\u00edkov\u00e1 ml.<\/b><\/p>\n<ul>\n<li>Prote\u00ednov\u00e1 elektrofor\u00e9za<\/li>\n<li>Western blot<\/li>\n<li>Izol\u00e1cia RNA<\/li>\n<li>Izol\u00e1cia DNA<\/li>\n<li>PCR (v spolupr\u00e1ci s OVPM)<\/li>\n<li>qPCR (v spolupr\u00e1ci s OVPM)<\/li>\n<\/ul>\n","protected":false},"excerpt":{"rendered":"<p>&nbsp;&nbsp;&nbsp;&nbsp;&nbsp;Nasp\u00e4\u0165 Kontakt: RNDr. Alexandra Zahradn\u00edkov\u00e1 ml. Prote\u00ednov\u00e1 elektrofor\u00e9za Western blot Izol\u00e1cia RNA Izol\u00e1cia DNA PCR (v spolupr\u00e1ci s OVPM) qPCR (v spolupr\u00e1ci s OVPM)<\/p>\n","protected":false},"author":1,"featured_media":0,"parent":18,"menu_order":70,"comment_status":"closed","ping_status":"closed","template":"","meta":[],"_links":{"self":[{"href":"https:\/\/confolab.sav.sk\/ovsb\/wp-json\/wp\/v2\/pages\/69"}],"collection":[{"href":"https:\/\/confolab.sav.sk\/ovsb\/wp-json\/wp\/v2\/pages"}],"about":[{"href":"https:\/\/confolab.sav.sk\/ovsb\/wp-json\/wp\/v2\/types\/page"}],"author":[{"embeddable":true,"href":"https:\/\/confolab.sav.sk\/ovsb\/wp-json\/wp\/v2\/users\/1"}],"replies":[{"embeddable":true,"href":"https:\/\/confolab.sav.sk\/ovsb\/wp-json\/wp\/v2\/comments?post=69"}],"version-history":[{"count":3,"href":"https:\/\/confolab.sav.sk\/ovsb\/wp-json\/wp\/v2\/pages\/69\/revisions"}],"predecessor-version":[{"id":1564,"href":"https:\/\/confolab.sav.sk\/ovsb\/wp-json\/wp\/v2\/pages\/69\/revisions\/1564"}],"up":[{"embeddable":true,"href":"https:\/\/confolab.sav.sk\/ovsb\/wp-json\/wp\/v2\/pages\/18"}],"wp:attachment":[{"href":"https:\/\/confolab.sav.sk\/ovsb\/wp-json\/wp\/v2\/media?parent=69"}],"curies":[{"name":"wp","href":"https:\/\/api.w.org\/{rel}","templated":true}]}}