{"id":556,"date":"2018-01-11T09:43:58","date_gmt":"2018-01-11T09:43:58","guid":{"rendered":"http:\/\/confolab.sav.sk\/ovsb\/?page_id=556"},"modified":"2023-10-02T14:40:46","modified_gmt":"2023-10-02T14:40:46","slug":"europska-noc-vyskumnikov-stara-trznica-a-lab-cafe-bratislava-29-septembra-2017-2","status":"publish","type":"page","link":"https:\/\/confolab.sav.sk\/ovsb\/aktivity\/udalosti\/europska-noc-vyskumnikov-stara-trznica-a-lab-cafe-bratislava-29-septembra-2017-2\/","title":{"rendered":"Eur\u00f3pska noc v\u00fdskumn\u00edkov, Star\u00e1 tr\u017enica a Lab cafe, Bratislava, 29. Septembra 2017"},"content":{"rendered":"<p><script type=\"text\/javascript\">\n<!--\nfunction launch(newURL, newName, newFeatures, orgName) {\n  var remote = open(newURL, newName, newFeatures);\n  if (remote.opener == null)\n    remote.opener = window;\n  remote.opener.name = orgName;\n  return remote;\n}\n\nfunction launchRemote(name) {\n  var address =  name;\n  myRemote = launch(address ,\n                    \"Okno\",\n                    \"height=500, width=850, left=50, top=50, alwaysLowered=0, alwaysRaised=0, channelmode=0, dependent=0, directories=0, fullscreen=0, hotkeys=1, location=0, menubar=0, resizable=0, scrollbars=0, status=0, titlebar=1, toolbar=0, z-lock=0\",\n                    \"myWindow\");\n}\n\/\/ -->>\n<\/script><button onclick=\"goBack()\">Nasp\u00e4\u0165<\/button><br \/>\n<script>\t \t \nfunction goBack() { window.history.go(-1); }\t \t \n<\/script><\/p>\n<h2>Elektr\u00f3nov\u00e1 mikroskopia ako in\u0161pir\u00e1cia pre dizajn<\/h2>\n<p><img decoding=\"async\" loading=\"lazy\" class=\"alignnone size-medium wp-image-881\" src=\"https:\/\/confolab.sav.sk\/sk\/images\/14.jpg\" alt=\"\" width=\"370\" height=\"299\" \/> Pr\u00edrodu vn\u00edmame v\u00e4\u010d\u0161inou v tak\u00fdch rozmeroch, ktor\u00e9 n\u00e1m umo\u017e\u0148uj\u00fa vn\u00edma\u0165 na\u0161e o\u010di. Ak m\u00e1me pr\u00edle\u017eitos\u0165, m\u00f4\u017eeme pozorova\u0165 drobn\u00e9 \u010dasti rastl\u00edn alebo \u017eivo\u010d\u00edchov pomocou lupy alebo optick\u00e9ho mikroskopu. Dokonca potom objavujeme nov\u00e9 \u0161trukt\u00fary a obdivujeme dokonalos\u0165 a kr\u00e1su, ako aj funk\u010dnos\u0165. \u010clovek nemus\u00ed by\u0165 vedcom ani umelcom, aby bol naplnen\u00fd \u00fa\u017easom pri sledovan\u00ed fantastick\u00fdch obr\u00e1zkov, ktor\u00e9 m\u00f4\u017eu poskytn\u00fa\u0165 poh\u013ead na nov\u00e9, predt\u00fdm nevidite\u013en\u00e9 svety. S\u00fa to svety pln\u00e9 tajomstva, vzru\u0161uj\u00facej kr\u00e1sy, fantastick\u00fdch tvarov a \u0161trukt\u00far. Ich podstatou je kr\u00e1sa, harm\u00f3nia, poriadok a \u00fa\u010delnos\u0165. Existuje nieko\u013eko r\u00f4znych typov elektr\u00f3novej mikroskopie, ktor\u00e9 vo ve\u013ekej miere smeruj\u00fa k \u0161t\u00fadiu ultra\u0161trukt\u00fary \u017eiv\u00fdch organizmov. Obraz sp\u00e1ja mikroskopick\u00e9 vedy s umen\u00edm a kr\u00e1sou a potvrdzuje vedomosti a dokonalos\u0165 stvorenia. Spolo\u010dne prezentujeme mo\u017enos\u0165 vyu\u017eitia vybran\u00fdch mikrosn\u00edmkov v dizajne zv\u00fdraznen\u00edm estetick\u00e9ho efektu. Vysk\u00fa\u0161ajte si to s nami.<\/p>\n<table border=\"0\" width=\"100%\" cellspacing=\"1\" cellpadding=\"2\">\n<tbody>\n<tr>\n<td>Vedeck\u00fd st\u00e1nok v Starej tr\u017enici, N\u00e1m SNP:<br \/>\nPrezentuj\u00faci: Marta Novotov\u00e1 a Ladislav Novota (Centrum biovied, \u00dastav molekul\u00e1rnej fyziol\u00f3gie a genetiky, SAV) a Martin Bal\u00e1\u017e (\u00dastav dizajnu, Fakulta architekt\u00fary, STU).<\/p>\n<p>Predn\u00e1\u0161ka v Lab cafe, N\u00e1m SNP 25:<br \/>\nPrezentuj\u00faci: Marta Novotov\u00e1 (Centrum biovied, \u00dastav molekul\u00e1rnej fyziol\u00f3gie a genetiky, SAV) a Martin Bal\u00e1\u017e, Ivo V\u00e1vra (\u00dastav dizajnu, Fakulta architekt\u00fary, STU).<\/td>\n<\/tr>\n<tr>\n<td><span class=\"H3\">Link:<br \/>\n<\/span><a class=\"arial\" href='javascript:launchRemote(\"https:\/\/nocvyskumnikov.sk\/\")'>Eur\u00f3pska noc v\u00fdskumn\u00edkov<\/a><\/td>\n<\/tr>\n<\/tbody>\n<\/table>\n<p><span class=\"H3\">Fotogal\u00e9ria:<\/span><\/p>\n<p><img decoding=\"async\" loading=\"lazy\" title=\"\" src=\"https:\/\/confolab.sav.sk\/sk\/images\/1.jpg\" alt=\"\" width=\"245\" height=\"170\" hspace=\"3\" vspace=\"3\" \/> <img decoding=\"async\" loading=\"lazy\" title=\"\" src=\"https:\/\/confolab.sav.sk\/sk\/images\/2.jpg\" alt=\"\" width=\"245\" height=\"170\" hspace=\"3\" vspace=\"3\" \/> <img decoding=\"async\" loading=\"lazy\" title=\"\" src=\"https:\/\/confolab.sav.sk\/sk\/images\/3.jpg\" alt=\"\" width=\"245\" height=\"170\" hspace=\"3\" vspace=\"3\" \/> <img decoding=\"async\" loading=\"lazy\" title=\"\" src=\"https:\/\/confolab.sav.sk\/sk\/images\/4.jpg\" alt=\"\" width=\"245\" height=\"170\" hspace=\"3\" vspace=\"3\" \/> <img decoding=\"async\" loading=\"lazy\" title=\"\" src=\"https:\/\/confolab.sav.sk\/sk\/images\/5.jpg\" alt=\"\" width=\"245\" height=\"170\" hspace=\"3\" vspace=\"3\" \/> <img decoding=\"async\" loading=\"lazy\" title=\"\" src=\"https:\/\/confolab.sav.sk\/sk\/images\/6.jpg\" alt=\"\" width=\"245\" height=\"170\" hspace=\"3\" vspace=\"3\" \/><\/p>\n","protected":false},"excerpt":{"rendered":"<p>Nasp\u00e4\u0165 Elektr\u00f3nov\u00e1 mikroskopia ako in\u0161pir\u00e1cia pre dizajn Pr\u00edrodu vn\u00edmame v\u00e4\u010d\u0161inou v tak\u00fdch rozmeroch, ktor\u00e9 n\u00e1m umo\u017e\u0148uj\u00fa vn\u00edma\u0165 na\u0161e o\u010di. Ak m\u00e1me pr\u00edle\u017eitos\u0165, m\u00f4\u017eeme pozorova\u0165 drobn\u00e9&#8230;<span class=\"excerpt_more\"><a href=\"https:\/\/confolab.sav.sk\/ovsb\/aktivity\/udalosti\/europska-noc-vyskumnikov-stara-trznica-a-lab-cafe-bratislava-29-septembra-2017-2\/\">\u010d\u00edta\u0165 \u010falej &raquo;<\/a><\/span><\/p>\n","protected":false},"author":2,"featured_media":0,"parent":40,"menu_order":15,"comment_status":"closed","ping_status":"closed","template":"","meta":[],"_links":{"self":[{"href":"https:\/\/confolab.sav.sk\/ovsb\/wp-json\/wp\/v2\/pages\/556"}],"collection":[{"href":"https:\/\/confolab.sav.sk\/ovsb\/wp-json\/wp\/v2\/pages"}],"about":[{"href":"https:\/\/confolab.sav.sk\/ovsb\/wp-json\/wp\/v2\/types\/page"}],"author":[{"embeddable":true,"href":"https:\/\/confolab.sav.sk\/ovsb\/wp-json\/wp\/v2\/users\/2"}],"replies":[{"embeddable":true,"href":"https:\/\/confolab.sav.sk\/ovsb\/wp-json\/wp\/v2\/comments?post=556"}],"version-history":[{"count":10,"href":"https:\/\/confolab.sav.sk\/ovsb\/wp-json\/wp\/v2\/pages\/556\/revisions"}],"predecessor-version":[{"id":2506,"href":"https:\/\/confolab.sav.sk\/ovsb\/wp-json\/wp\/v2\/pages\/556\/revisions\/2506"}],"up":[{"embeddable":true,"href":"https:\/\/confolab.sav.sk\/ovsb\/wp-json\/wp\/v2\/pages\/40"}],"wp:attachment":[{"href":"https:\/\/confolab.sav.sk\/ovsb\/wp-json\/wp\/v2\/media?parent=556"}],"curies":[{"name":"wp","href":"https:\/\/api.w.org\/{rel}","templated":true}]}}