{"id":527,"date":"2018-01-10T14:54:47","date_gmt":"2018-01-10T14:54:47","guid":{"rendered":"http:\/\/confolab.sav.sk\/ovsb\/?page_id=527"},"modified":"2025-08-04T11:14:03","modified_gmt":"2025-08-04T11:14:03","slug":"gizela-gajdosikova","status":"publish","type":"page","link":"https:\/\/confolab.sav.sk\/ovsb\/pracovnici\/technici\/gizela-gajdosikova\/","title":{"rendered":"Mgr. Al\u017ebeta Holbov\u00e1"},"content":{"rendered":"<p><button onclick=\"goBack()\">Nasp\u00e4\u0165<\/button><br \/>\n<script>\t \t \nfunction goBack() { window.history.go(-1); }\t \t \n<\/script><br \/>\ntechnick\u00e1 pracovn\u00ed\u010dka \u2013 laborantka<br \/>\nE-mail: <a href=\"mailto:alzbeta.holbova@savba.sk\">alzbeta.holbova@savba.sk<\/a><br \/>\nTel.: 02\/ 32295039<\/p>\n","protected":false},"excerpt":{"rendered":"<p>Nasp\u00e4\u0165 technick\u00e1 pracovn\u00ed\u010dka \u2013 laborantka E-mail: alzbeta.holbova@savba.sk Tel.: 02\/ 32295039<\/p>\n","protected":false},"author":2,"featured_media":0,"parent":91,"menu_order":10,"comment_status":"closed","ping_status":"closed","template":"","meta":[],"_links":{"self":[{"href":"https:\/\/confolab.sav.sk\/ovsb\/wp-json\/wp\/v2\/pages\/527"}],"collection":[{"href":"https:\/\/confolab.sav.sk\/ovsb\/wp-json\/wp\/v2\/pages"}],"about":[{"href":"https:\/\/confolab.sav.sk\/ovsb\/wp-json\/wp\/v2\/types\/page"}],"author":[{"embeddable":true,"href":"https:\/\/confolab.sav.sk\/ovsb\/wp-json\/wp\/v2\/users\/2"}],"replies":[{"embeddable":true,"href":"https:\/\/confolab.sav.sk\/ovsb\/wp-json\/wp\/v2\/comments?post=527"}],"version-history":[{"count":3,"href":"https:\/\/confolab.sav.sk\/ovsb\/wp-json\/wp\/v2\/pages\/527\/revisions"}],"predecessor-version":[{"id":2790,"href":"https:\/\/confolab.sav.sk\/ovsb\/wp-json\/wp\/v2\/pages\/527\/revisions\/2790"}],"up":[{"embeddable":true,"href":"https:\/\/confolab.sav.sk\/ovsb\/wp-json\/wp\/v2\/pages\/91"}],"wp:attachment":[{"href":"https:\/\/confolab.sav.sk\/ovsb\/wp-json\/wp\/v2\/media?parent=527"}],"curies":[{"name":"wp","href":"https:\/\/api.w.org\/{rel}","templated":true}]}}