{"id":484,"date":"2018-01-10T13:55:52","date_gmt":"2018-01-10T13:55:52","guid":{"rendered":"http:\/\/confolab.sav.sk\/ovsb\/?page_id=484"},"modified":"2018-08-01T07:48:21","modified_gmt":"2018-08-01T07:48:21","slug":"kontaktne-informacie","status":"publish","type":"page","link":"https:\/\/confolab.sav.sk\/ovsb\/kontakt\/kontaktne-informacie\/","title":{"rendered":"Kontaktn\u00e9 inform\u00e1cie"},"content":{"rendered":"<h2>Adresa<\/h2>\n<p>Oddelenie bunkovej kardiol\u00f3gie<\/p>\n<p>\u00dastav experiment\u00e1lnej endokrinol\u00f3gie<br \/>\nBiomedic\u00ednske centrum SAV<br \/>\nD\u00fabravsk\u00e1 cesta 9<br \/>\n845 05 Bratislava<\/p>\n<p>Tel.\u010d.: +421 2 3229 5040<\/p>\n<p>E-mail: <a href=\"mailto:michal.cagalinec@savba.sk\">michal.cagalinec@savba.sk<\/a><\/p>\n<h2>Poloha<\/h2>\n<div class=\"footer_row\">\n<div class=\"footer_text\"><img decoding=\"async\" src=\"http:\/\/www.umfg.sav.sk\/wp-content\/themes\/akademia\/img\/layout\/footer\/gps.png\" alt=\"GPS\" \/> GPS: 48\u00b010&#8217;20.1&#8243;N 17\u00b004&#8217;04.9&#8243;E<\/div>\n<\/div>\n<p><iframe loading=\"lazy\" src=\"https:\/\/www.google.com\/maps\/embed?pb=!1m18!1m12!1m3!1d1707.04212142585!2d17.06592431706247!3d48.172215271626605!2m3!1f0!2f0!3f0!3m2!1i1024!2i768!4f13.1!3m3!1m2!1s0x476c8c7745575e2f%3A0x16977ff9a920575!2sD%C3%BAbravsk%C3%A1+cesta+5780%2C+841+04+Karlova+Ves!5e1!3m2!1sen!2ssk!4v1463248629030\" width=\"600\" height=\"450\" frameborder=\"0\" allowfullscreen=\"allowfullscreen\"><\/iframe><\/p>\n<h2>Ako sa ku n\u00e1m dostanete<\/h2>\n<h3>Autom:<\/h3>\n<p><i>Zo smeru Brno (od Z\u00e1horia):<\/i><\/p>\n<ul>\n<li>Z <b>dia\u013enice D2 (E65) <\/b>z\u00eds\u0165 na v\u00fdjazde \u201cBratislava-Polianky\u201d na smer \u201cCentrum, Patr\u00f3nka\u201d. Okolo obchodn\u00e9ho domu TESCO po \u013eavej strane sa dostanete sa na ulicu Lama\u010dsk\u00e1 cesta.<\/li>\n<li>Z <b>cesty \u010d\u00edslo 2<\/b> sa plynulo dostanete okolo obchodn\u00e9ho domu TESCO na ulicu Lama\u010dsk\u00e1 cesta.<\/li>\n<li>Z Lama\u010dskej cesty odbo\u010d\u00edte na prvej kri\u017eovatke vpravo na ulicu D\u00fabravsk\u00e1 cesta (pri budove IBM). Z nej odbo\u010d\u00edte do are\u00e1lu SAV cez kruhov\u00fd objazd v priamom smere. V are\u00e1li SAV p\u00f4jdete na prvej odbo\u010dke vpravo na severoz\u00e1padn\u00fd koniec pozemku SAV smerom k Virologick\u00e9mu \u00fastavu. Pred n\u00edm na pravej strane sa nach\u00e1dza nov\u00e1 budova Pavil\u00f3nu lek\u00e1rskych vied. \u00daMFG SAV sa nach\u00e1dza v bloku B.<\/li>\n<\/ul>\n<p><i>Zo smeru centrum Bratislavy (od Podunajskej n\u00ed\u017einy):<\/i><\/p>\n<ul>\n<li>Z <b>dia\u013enice D1 (E58, E75)<\/b> sa v Bratislave-Petr\u017ealke napoj\u00edte na dia\u013enicu D2 (E65) smer \u201cBrno\u201d. Z dia\u013enice D2 (E65) odbo\u010d\u00edte na moste Lafranconi na v\u00fdjazde \u201cLafranconi\u201d na smer \u201cMlynsk\u00e1 dolina\u201d. Prejdete Mlynskou dolinou a dostanete sa na kri\u017eovatku \u201cPatr\u00f3nka\u201d. Na kri\u017eovatke p\u00f4jdete v\u013eavo na smer \u201cBrno\u201d.<\/li>\n<li>Z <b>centra Bratislavy<\/b> p\u00f4jdete von z mesta na smer \u201cBrno\u201d po uliciach Pra\u017esk\u00e1 a Brnensk\u00e1. Dostanete sa na kri\u017eovatku \u201cPatr\u00f3nka\u201d. Na kri\u017eovatke p\u00f4jdete st\u00e1le rovno na smer \u201cBrno\u201d.<\/li>\n<li>Za kri\u017eovatkou Patr\u00f3nka odbo\u010d\u00edte na prvej kri\u017eovatke v\u013eavo na ulicu D\u00fabravsk\u00e1 cesta (pred budovou IBM). Z nej odbo\u010d\u00edte cez kruhov\u00fd objazd v priamom smere do are\u00e1lu SAV. V are\u00e1li SAV p\u00f4jdete na prvej odbo\u010dke vpravo na severoz\u00e1padn\u00fd koniec pozemku SAV smerom k Virologick\u00e9mu \u00fastavu. Pred n\u00edm na pravej strane sa nach\u00e1dza nov\u00e1 budova Pavil\u00f3nu lek\u00e1rskych vied. \u00daMFG SAV sa nach\u00e1dza v bloku B.<\/li>\n<\/ul>\n<h3>In\u00fdm sp\u00f4sobom (vlakom, autobusom, MHD):<\/h3>\n<p><i>Zo \u017eelezni\u010dnej Hlavnej stanice:<\/i><\/p>\n<ul>\n<li>Pe\u0161o sa presuniete na \u201cPredstani\u010dn\u00e9 n\u00e1mestie\u201d. Na Predstani\u010dnom n\u00e1mest\u00ed nast\u00fapte na autobus \u010d. 21.<br \/>\nVyst\u00fapte na zast\u00e1vke \u201cMokroh\u00e1jska\u201d (je to prv\u00e1 zast\u00e1vka za zast\u00e1vkou \u201cPatr\u00f3nka\u201d). Na druhej strane cesty po ktorej ste pri\u0161li je za les\u00edkom nov\u00e1 budova Pavil\u00f3nu lek\u00e1rskych vied. Prejdite prechodom pre chodcov na druh\u00fa stranu cesty, potom chodn\u00edkom cez mal\u00fd les\u00edk a za les\u00edkom je pri Pavil\u00f3ne lek\u00e1rskych vied br\u00e1nka do are\u00e1lu SAV. \u00daMFG SAV sa nach\u00e1dza v bloku B Pavil\u00f3nu lek\u00e1rskych vied, sekretari\u00e1t je na II. poschod\u00ed.<\/li>\n<\/ul>\n<p><i>Z autobusovej stanice Mlynsk\u00e9 nivy:<\/i><\/p>\n<ul>\n<li>Nast\u00fapte na autobus \u010d. 21. \u010eal\u0161\u00ed postup pozri vy\u0161\u0161ie.<\/li>\n<\/ul>\n<p><i>Mestskou hromadnou dopravou z in\u00fdch \u010dast\u00ed Bratislavy:<\/i><\/p>\n<ul>\n<li>Autobusom \u010d. 21, 22, 30, 34, 38 alebo 83. \u010eal\u0161\u00ed postup pozri vy\u0161\u0161ie.<\/li>\n<li>Autobusom \u010d. 25, 37, 63, 92 alebo 192 alebo trolejbusom \u010d. 211 alebo 212. Vyst\u00fapte na zast\u00e1vke \u201cPatr\u00f3nka\u201d. Tu prest\u00fapte na autobus \u010d. 21, 22, 30, 34, 38 alebo 83. \u010eal\u0161\u00ed postup pozri vy\u0161\u0161ie.<\/li>\n<li>Autobusom \u010d. 36. Vyst\u00fapte na zast\u00e1vke D\u00fabravsk\u00e1 cesta, ktor\u00e1 je priamo pri Pavil\u00f3ne lek\u00e1rskych vied. \u00daMFG SAV sa nach\u00e1dza v bloku B Pavil\u00f3nu lek\u00e1rskych vied, sekretari\u00e1t je na II. poschod\u00ed.<\/li>\n<\/ul>\n","protected":false},"excerpt":{"rendered":"<p>Adresa Oddelenie bunkovej kardiol\u00f3gie \u00dastav experiment\u00e1lnej endokrinol\u00f3gie Biomedic\u00ednske centrum SAV D\u00fabravsk\u00e1 cesta 9 845 05 Bratislava Tel.\u010d.: +421 2 3229 5040 E-mail: michal.cagalinec@savba.sk Poloha GPS:&#8230;<span class=\"excerpt_more\"><a href=\"https:\/\/confolab.sav.sk\/ovsb\/kontakt\/kontaktne-informacie\/\">\u010d\u00edta\u0165 \u010falej &raquo;<\/a><\/span><\/p>\n","protected":false},"author":1,"featured_media":0,"parent":482,"menu_order":20,"comment_status":"closed","ping_status":"closed","template":"","meta":[],"_links":{"self":[{"href":"https:\/\/confolab.sav.sk\/ovsb\/wp-json\/wp\/v2\/pages\/484"}],"collection":[{"href":"https:\/\/confolab.sav.sk\/ovsb\/wp-json\/wp\/v2\/pages"}],"about":[{"href":"https:\/\/confolab.sav.sk\/ovsb\/wp-json\/wp\/v2\/types\/page"}],"author":[{"embeddable":true,"href":"https:\/\/confolab.sav.sk\/ovsb\/wp-json\/wp\/v2\/users\/1"}],"replies":[{"embeddable":true,"href":"https:\/\/confolab.sav.sk\/ovsb\/wp-json\/wp\/v2\/comments?post=484"}],"version-history":[{"count":5,"href":"https:\/\/confolab.sav.sk\/ovsb\/wp-json\/wp\/v2\/pages\/484\/revisions"}],"predecessor-version":[{"id":745,"href":"https:\/\/confolab.sav.sk\/ovsb\/wp-json\/wp\/v2\/pages\/484\/revisions\/745"}],"up":[{"embeddable":true,"href":"https:\/\/confolab.sav.sk\/ovsb\/wp-json\/wp\/v2\/pages\/482"}],"wp:attachment":[{"href":"https:\/\/confolab.sav.sk\/ovsb\/wp-json\/wp\/v2\/media?parent=484"}],"curies":[{"name":"wp","href":"https:\/\/api.w.org\/{rel}","templated":true}]}}