{"id":41,"date":"2018-01-08T08:44:57","date_gmt":"2018-01-08T08:44:57","guid":{"rendered":"http:\/\/confolab.sav.sk\/ovsb\/?page_id=41"},"modified":"2024-11-27T06:39:27","modified_gmt":"2024-11-27T06:39:27","slug":"absolventi-phd-studia","status":"publish","type":"page","link":"https:\/\/confolab.sav.sk\/ovsb\/aktivity\/absolventi-phd-studia\/","title":{"rendered":"Absolventi PhD \u0161t\u00fadia"},"content":{"rendered":"<p><button onclick=\"goBack()\">Nasp\u00e4\u0165<\/button> <\/h2>\n<p><script>\t \t \nfunction goBack() { window.history.go(-1); }\t \t \n<\/script><\/p>\n<table class=\"list\" border=\"0\" width=\"100%\" cellspacing=\"1\" cellpadding=\"4\">\n<tbody>\n<tr>\n<td class=\"small\"><img decoding=\"async\" src=\"https:\/\/confolab.sav.sk\/ovsb\/wp-content\/uploads\/Julka.png\" alt=\"photo\" width=\"75\" align=\"left\" hspace=\"3\" vspace=\"1\" \/><\/td>\n<td><b>Iuliia Baglaeva (2024)<\/b><br \/>\n<i>Vplyv fyziologickej z\u00e1\u0165a\u017ee a obezity na excit\u00e1ciu a kontrakciu kardiomyocytov<\/i>; \u0160kolite\u013e: Alexandra Zahradn\u00edkov\u00e1 ml.<br \/>\nS\u00fa\u010dasn\u00e9 pracovisko: vedeck\u00fd pracovn\u00edk, Oddelenie bunkovej kardiol\u00f3gie, \u00dastav experiment\u00e1lnej endokrinol\u00f3gie, Biomedic\u00ednske centrum, SAV, v.v.i, Bratislava, Slovensk\u00e1 republika<\/td>\n<\/tr>\n<tr>\n<td class=\"small\"><img decoding=\"async\" src=\"https:\/\/confolab.sav.sk\/ovsb\/wp-content\/uploads\/BI.jpg\" alt=\"photo\" width=\"75\" align=\"left\" hspace=\"3\" vspace=\"1\" \/><\/td>\n<td><b>Bogdan Iaparov (2024)<\/b><br \/>\n<i>Vz\u0165ahy medzi \u0161trukt\u00farou a funkciou diadick\u00fdch komplexov srdcov\u00fdch myocytov po\u010das diastoly<\/i>; \u0160kolite\u013e: Alexandra Zahradn\u00edkov\u00e1<br \/>\nS\u00fa\u010dasn\u00e9 pracovisko: vedeck\u00fd pracovn\u00edk, Bioinformatick\u00e9 laborat\u00f3rium, Biomedic\u00ednske centrum, SAV, v.v.i., Bratislava, Slovensk\u00e1 republika<\/td>\n<\/tr>\n<tr>\n<td class=\"small\"><img decoding=\"async\" src=\"https:\/\/confolab.sav.sk\/ovsb\/wp-content\/uploads\/SK1.jpg\" alt=\"photo\" width=\"75\" align=\"left\" hspace=\"3\" vspace=\"1\" \/><\/td>\n<td><b>Simona Kurekov\u00e1 (2020)<\/b><br \/>\n<i>Vyu\u017eitie konfok\u00e1lnej mikroskopie pri \u0161t\u00fadiu morfologick\u00fdch a funk\u010dn\u00fdch zmien srdcov\u00fdch buniek u Wolframovho syndr\u00f3mu<\/i>; \u0160kolite\u013e: Michal Cagalinec<br \/>\nS\u00fa\u010dasn\u00e9 pracovisko: vedeck\u00fd pracovn\u00edk, Oddelenie biofyziky a elektrofyziol\u00f3gie, \u00dastav molekul\u00e1rnej fyziol\u00f3gie a genetiky CBv SAV, Bratislava, Slovensk\u00e1 republika<\/td>\n<\/tr>\n<tr>\n<td class=\"small\"><img decoding=\"async\" src=\"https:\/\/confolab.sav.sk\/ovsb\/wp-content\/uploads\/KM.jpg\" alt=\"photo\" width=\"75\" align=\"left\" hspace=\"3\" vspace=\"1\" \/><\/td>\n<td><b>Katar\u00edna Mackov\u00e1 (2018)<\/b><br \/>\n<i>V\u00e1pnikov\u00e1 signaliz\u00e1cia kardiomyocytov v skor\u00fdch postnat\u00e1lnych v\u00fdvojov\u00fdch \u0161t\u00e1di\u00e1ch<\/i>; \u0160kolite\u013e: Alexandra Zahradn\u00edkov\u00e1; \u0160kolite\u013e-\u0161pecialista: Alexandra Zahradn\u00edkov\u00e1 ml.<br \/>\nS\u00fa\u010dasn\u00e9 pracovisko: Postdoctoral Scientist, Eurac Research, Bolzano, Italy; predt\u00fdm: vedeck\u00fd pracovn\u00edk, Oddelenie biofyziky a elektrofyziol\u00f3gie, \u00dastav molekul\u00e1rnej fyziol\u00f3gie a genetiky CBv SAV, Bratislava, Slovensk\u00e1 republika<\/td>\n<\/tr>\n<tr>\n<td class=\"small\"><img decoding=\"async\" src=\"https:\/\/confolab.sav.sk\/sk\/images\/ZN.png\" alt=\"photo\" width=\"75\" align=\"left\" hspace=\"3\" vspace=\"1\" \/><\/td>\n<td><b>Zuzana Nichtov\u00e1 (2015)<\/b><br \/>\n<i>Variabilita mikrodom\u00e9n plazmatickej membr\u00e1ny srdcov\u00fdch myocytov navoden\u00e1 izoprenal\u00ednom<\/i>; \u0160kolite\u013e: Tatiana Stankovi\u010dov\u00e1; \u0160kolite\u013e-\u0161pecialista: Marta Novotov\u00e1<br \/>\nS\u00fa\u010dasn\u00e9 pracovisko: vedeck\u00fd pracovn\u00edk, Thomas Jefferson University, Philadelphia, PA, United States, predt\u00fdm: Ved\u00faca kardiovaskul\u00e1rnej jednotky, \u010cesk\u00e9 centrum pre fenogenomiku, \u00dastav molekul\u00e1rnej genetiky AV \u010cR, Praha; postdoktorand, Department of Pathology, Anatomy &#038; Cell Biology, Thomas Jefferson University, Philadelphia, USA<\/td>\n<\/tr>\n<tr>\n<td class=\"small\"><img decoding=\"async\" src=\"https:\/\/confolab.sav.sk\/sk\/images\/MH.png\" alt=\"photo\" width=\"75\" align=\"left\" hspace=\"3\" vspace=\"1\" \/><\/td>\n<td><b>Matej Ho\u0165ka (2015)<\/b><br \/>\n<i>Variabilita impedancie sarkolemy srdcov\u00fdch myocytov<\/i>; \u0160kolite\u013e: Ivan Zahradn\u00edk<br \/>\nS\u00fa\u010dasn\u00e9 pracovisko: Senior postdoc, Karl Landsteiner University of Health Sciences, Krems, Austria; predt\u00fdm: postdoktorand, Department of Neurophysiology and Neuropharmacology, Centre of Physiology and Pharmacology, Medical University Vienna, Austria<\/td>\n<\/tr>\n<tr>\n<td class=\"small\"><img decoding=\"async\" src=\"https:\/\/confolab.sav.sk\/sk\/images\/AF.png\" alt=\"photo\" width=\"75\" align=\"left\" hspace=\"3\" vspace=\"1\" \/><\/td>\n<td><b>Andrea Faltinov\u00e1 (2015)<\/b><br \/>\n<i>Biofyzik\u00e1lne mechanizmy regul\u00e1cie a dysregul\u00e1cie diastolickej aktivity ryanod\u00ednov\u00e9ho receptora<\/i>; \u0160kolite\u013e: Alexandra Zahradn\u00edkov\u00e1<br \/>\nS\u00fa\u010dasn\u00e9 pracovisko: R\u00daVZ Bratislava hl. m., samostatn\u00fd odborn\u00fd pracovn\u00edk; z\u00e1stupca SR pre spolupr\u00e1cu v oblasti zdravotn\u00edctva v EDQM (European Directorate for The Quality of Medicines &amp; Health Care) a PEMSAC (The Platform of European Market Surveillance Authorities for Cosmetics)<\/td>\n<\/tr>\n<tr>\n<td class=\"small\"><img decoding=\"async\" src=\"https:\/\/confolab.sav.sk\/sk\/images\/RJ.png\" alt=\"photo\" width=\"75\" align=\"left\" hspace=\"3\" vspace=\"1\" \/><\/td>\n<td><b>Radoslav Jan\u00ed\u010dek (2013)<\/b><br \/>\n<i>V\u00e1pnikov\u00e1 signaliz\u00e1cia v srdcov\u00fdch myocytoch<\/i>; \u0160kolite\u013e: Alexandra Zahradn\u00edkov\u00e1<br \/>\nS\u00fa\u010dasn\u00e9 pracovisko: Postdoktorand, Department of Physiology, University of Bern, Bern, \u0160vaj\u010diarsko; Predt\u00fdm: Postdoktorand, Rutgers New Jersey Medical School, Newark, NJ, USA<\/td>\n<\/tr>\n<tr>\n<td class=\"small\"><img decoding=\"async\" src=\"https:\/\/confolab.sav.sk\/ovsb\/wp-content\/uploads\/milos.jpg\" alt=\"photo\" width=\"75\" align=\"left\" hspace=\"3\" vspace=\"1\" \/><\/td>\n<td><b>Miloslav Karh\u00e1nek (2012)<\/b><br \/>\n<i>Study of molecular interactions, ion currents and surface effects of nanochannels<\/i>; \u0160kolite\u013e: Alexandra Zahradn\u00edkov\u00e1<br \/>\nS\u00fa\u010dasn\u00e9 pracovisko: Ved\u00faci laborat\u00f3ria, Laborat\u00f3rium bioinformatiky, Biomedic\u00ednske centrum SAV, v.v.i.; Predt\u00fdm: Stanford University &#8211; Spectrum, Senior Software Architect (2009-2016)<\/td>\n<\/tr>\n<tr>\n<td class=\"small\"><img decoding=\"async\" src=\"https:\/\/confolab.sav.sk\/sk\/images\/BT.jpg\" alt=\"photo\" width=\"75\" align=\"left\" hspace=\"3\" vspace=\"1\" \/><\/td>\n<td><b>Barbora Tencerov\u00e1 (2012)<\/b><br \/>\n<i>Regul\u00e1cia aktivity ryanod\u00ednov\u00fdch receptorov<\/i>; \u0160kolite\u013e: Alexandra Zahradn\u00edkov\u00e1<br \/>\nS\u00fa\u010dasn\u00e9 pracovisko: Senior QMS Manager at Lifecare AS, Bergen, Norway; Predt\u00fdm: Department Engineer at Ocean TuniCell AS, Bergen, Norway; Researcher, Sars International Center for Marine Molecular Biology, Bergen, Norway; Postdoctoral Fellow, Universitetet i Bergen (UiB), Bergen, Hordaland, Norway<\/td>\n<\/tr>\n<tr>\n<td class=\"small\"><img decoding=\"async\" src=\"https:\/\/confolab.sav.sk\/sk\/images\/AZjr.jpg\" alt=\"photo\" width=\"75\" align=\"left\" hspace=\"3\" vspace=\"1\" \/><\/td>\n<td><b>Alexandra Zahradn\u00edkov\u00e1, ml. (2009)<\/b><br \/>\n<i>Lok\u00e1lne uvo\u013e\u0148ovanie v\u00e1pnika po\u010das v\u00e4zby excit\u00e1cie s kontrakciou<\/i>; \u0160kolite\u013e: Marta Novotov\u00e1<br \/>\nS\u00fa\u010dasn\u00e9 pracovisko: samostatn\u00fd vedeck\u00fd pracovn\u00edk, Oddelenie bunkovej kardiol\u00f3gie, \u00dastav experiment\u00e1lnej endokrinol\u00f3gie, Biomedic\u00ednske centrum SAV, v.v.i., Bratislava, Slovensk\u00e1 republika<\/td>\n<\/tr>\n<tr>\n<td class=\"small\"><img decoding=\"async\" src=\"https:\/\/confolab.sav.sk\/sk\/images\/LT.png\" alt=\"photo\" width=\"75\" align=\"left\" hspace=\"3\" vspace=\"1\" \/><\/td>\n<td><b>Lucia Tylkov\u00e1-\u0160kvarkov\u00e1 (2009)<\/b><br \/>\n<i>Bunkov\u00e1 adapt\u00e1cia pomal\u00fdch vl\u00e1kien kostrov\u00e9ho svalu my\u0161i s blokovanou expresiou g\u00e9nu pre cytozolick\u00fa a mitochondri\u00e1lnu kerat\u00edn kin\u00e1zu<\/i>; \u0160kolite\u013e: Marta Novotov\u00e1<br \/>\nS\u00fa\u010dasn\u00e9 pracovisko: vedeck\u00fd pracovn\u00edk, Virologick\u00fd \u00fastav, Biomedic\u00ednske centrum SAV, v.v.i., Bratislava, Slovensk\u00e1 republika<\/td>\n<\/tr>\n<tr>\n<td class=\"small\"><img decoding=\"async\" src=\"https:\/\/confolab.sav.sk\/sk\/images\/Jpa2.png\" alt=\"photo\" width=\"75\" align=\"left\" hspace=\"3\" vspace=\"1\" \/><\/td>\n<td><b>J\u00falius Parulek (2008)<\/b><br \/>\n<i>Stereologick\u00e9 modelovanie prostredia svalov\u00fdch buniek<\/i>; \u0160kolite\u013e-\u0161pecialista: Ivan Zahradn\u00edk<br \/>\nS\u00fa\u010dasn\u00e9 pracovisko: Principal Analyst IT, Equinor, Bergen (2018-); Predt\u00fdm: Senior Software Engineer, CodeLab Bergen (2017-2018); Adjunct Associate Professor a Postdoktorand, Department of Informatics, Faculty of Mathematics and Natural Sciences, University of Bergen, Bergen, Norway (2008-2018)<\/td>\n<\/tr>\n<tr>\n<td class=\"small\"><img decoding=\"async\" loading=\"lazy\" class=\"image\" src=\"https:\/\/confolab.sav.sk\/sk\/images\/EP.jpg\" alt=\"Eva Polakova\" width=\"80\" height=\"80\" \/><\/td>\n<td><b>Eva Pol\u00e1kov\u00e1 (2008)<\/b><br \/>\n<i>V\u00e4zba excit\u00e1cie s kontrakciou v srdcov\u00fdch myocytoch<\/i>; \u0160kolite\u013e: Alexandra Zahradn\u00edkov\u00e1<br \/>\nS\u00fa\u010dasn\u00e9 pracovisko: Engineer, Google, predt\u00fdm: Scientific Programmer, NEBION AG, Zurich, \u0160vaj\u010diarsko; Postdoktorand, Department of Pharmacology and Systems Therapeutics, Mount Sinai School of Medicine, New York, NY, USA; Postdoktorand, Rutgers New Jersey Medical School, Newark, NJ, USA<\/td>\n<\/tr>\n<tr>\n<td class=\"small\"><img decoding=\"async\" loading=\"lazy\" class=\"\" src=\"https:\/\/confolab.sav.sk\/sk\/images\/PN.png\" alt=\"photo\" width=\"81\" height=\"81\" align=\"left\" hspace=\"3\" vspace=\"1\" \/><\/td>\n<td><b>Pavel Nov\u00e1k (2006)<\/b><br \/>\n<i>Meranie pas\u00edvnych elektrick\u00fdch parametrov srdcov\u00fdch myocytov<\/i>; \u0160kolite\u013e: Ivan Zahradn\u00edk<br \/>\nS\u00fa\u010dasn\u00e9 pracovisko: Research Engineer, Optos, Edinburgh, Scotland (2021-); predt\u00fdm: ICAPPIC LIMITED, Director of Software Development, London, England (2019-2021); Lecturer, Centre for Biomedical Engineering and Materials, School of Engineering and Materials Science, Queen Mary, University of London (2013-2018); Postdoctoral Research Associate, Imperial College London (2007-2013)<\/td>\n<\/tr>\n<tr>\n<td class=\"small\"><img decoding=\"async\" src=\"https:\/\/confolab.sav.sk\/sk\/images\/ZK.png\" alt=\"photo\" width=\"75\" align=\"left\" hspace=\"3\" vspace=\"1\" \/><\/td>\n<td><b>Zuzana Kubalov\u00e1 (2005)<\/b><br \/>\n<i>I\u00f3nov\u00e9 kan\u00e1ly vo v\u00e4zbe excit\u00e1cie s kontrakciou<\/i>; \u0160kolite\u013e: Alexandra Zahradn\u00edkov\u00e1<br \/>\nS\u00fa\u010dasn\u00e9 pracovisko: konate\u013e, ABC Monitoring, s.r.o., Modra, Slovensk\u00e1 republika; Senior Clinical Research Associate, sanofi-aventis (2010-); Predt\u00fdm: Clinical Research Associate, Lead Clinical Research Associate, Novartis (2007-2010); Research Associate, The Ohio State University, Columbus, OH, USA (2004-2006), International Visiting Scholar, Texas Tech University Health Sciences Center,Lubbock, TX, USA (2002-2004)\n<\/td>\n<\/tr>\n<tr>\n<td class=\"small\"><img decoding=\"async\" src=\"https:\/\/confolab.sav.sk\/sk\/images\/MP.jpg\" alt=\"photo\" width=\"75\" align=\"left\" hspace=\"3\" vspace=\"1\" \/><\/td>\n<td><b>Michaela Pavlovi\u010dov\u00e1 (2003)<\/b><br \/>\n<i>Stereologick\u00e1 anal\u00fdza vz\u0165ahu medzi organelami svalov\u00fdch buniek a ich adapt\u00e1cia na deficit kreat\u00edn kin\u00e1zy<\/i>; \u0160kolite\u013e: Marta Novotov\u00e1<br \/>\nS\u00fa\u010dasn\u00e9 pracovisko: nature conservation &#8211; CITES<\/td>\n<\/tr>\n<tr>\n<td class=\"small\"><img decoding=\"async\" src=\"https:\/\/confolab.sav.sk\/sk\/images\/MD.jpg\" alt=\"photo\" width=\"75\" align=\"left\" hspace=\"3\" vspace=\"1\" \/><\/td>\n<td><b>Miroslav Dura (2003)<\/b><br \/>\n<i>Molekul\u00e1rny mechanizmus vr\u00e1tkovania ryanod\u00ednov\u00e9ho receptora<\/i>; \u0160kolite\u013e: Alexandra Zahradn\u00edkov\u00e1<br \/>\nS\u00fa\u010dasn\u00e9 pracovisko: Postdoctoral Fellow, Research Unit for Cellular Biophysics and Translational Cardiology, University Medical Center Goettingen, Germany (2010-); Predt\u00fdm:<br \/>\nAssociate Research Scientist, Columbia University Medical Center, New York, NY, USA (2002-2010)\n<\/td>\n<\/tr>\n<tr>\n<td class=\"small\"><img decoding=\"async\" src=\"https:\/\/confolab.sav.sk\/sk\/images\/IM.jpg\" alt=\"photo\" width=\"75\" align=\"left\" hspace=\"3\" vspace=\"1\" \/><\/td>\n<td><b>Igor Minarovi\u010d (1999)<\/b><br \/>\n<i>Interakcia antidepres\u00edv so srdcov\u00fdmi v\u00e1pnikov\u00fdmi kan\u00e1lmi L-typu<\/i>; \u0160kolitelia: Ivan Zahradn\u00edk, Alexandra Zahradn\u00edkov\u00e1<br \/>\nS\u00fa\u010dasn\u00e9 pracovisko: Predseda predstavenstva a spoluzakladate\u013e, Dru\u017estvo lek\u00e1rn\u00ed, PharmINFO &#8211; partner<\/td>\n<\/tr>\n<tr>\n<td class=\"small\"><img decoding=\"async\" src=\"https:\/\/confolab.sav.sk\/sk\/images\/JP.png\" alt=\"photo\" width=\"75\" align=\"left\" hspace=\"3\" vspace=\"1\" \/><\/td>\n<td><b>Jana Pavelkov\u00e1 (1998)<\/b><br \/>\n<i>Anal\u00fdza v\u00e1pnikov\u00fdch pr\u00fadov kontrahuj\u00facich sa kardiomyocytov pomocou matematick\u00e9ho modelovania<\/i>; \u0160kolite\u013e: Ivan Zahradn\u00edk<br \/>\nS\u00fa\u010dasn\u00e9 pracovisko: vedeck\u00fd pracovn\u00edk, Oddelenie bunkovej kardiol\u00f3gie, \u00dastav experiment\u00e1lnej endokrinol\u00f3gie, Biomedic\u00ednske centrum, SAV, v.v.i, Bratislava, Slovensk\u00e1 republika<\/td>\n<\/tr>\n<tr>\n<td class=\"small\"><img decoding=\"async\" src=\"https:\/\/confolab.sav.sk\/sk\/images\/KS.jpg\" alt=\"photo\" width=\"75\" align=\"left\" hspace=\"3\" vspace=\"1\" \/><\/td>\n<td><b>Katar\u00edna \u0160troffekov\u00e1 (1997)<\/b><br \/>\n<i>Vz\u0165ah medzi vr\u00e1tkovac\u00edm n\u00e1bojom a koncentr\u00e1ciou v\u00e1pnika v kostrovom svale<\/i>; \u0160kolite\u013e: Ivan Zahradn\u00edk<br \/>\nS\u00fa\u010dasn\u00e9 pracovisko: docent, Katedra Biofyziky, Univerzita Pavla Jozefa \u0160af\u00e1rika v Ko\u0161iciach, Slovensk\u00e1 republika; Predt\u00fdm: Assistant Professor, Utah State University, UT, USA (2004-2009);<br \/>\nPostdoctoral Fellow, Colorado State University, USA (1998-2003)\n<\/td>\n<\/tr>\n<\/tbody>\n<\/table>\n","protected":false},"excerpt":{"rendered":"<p>Nasp\u00e4\u0165 Iuliia Baglaeva (2024) Vplyv fyziologickej z\u00e1\u0165a\u017ee a obezity na excit\u00e1ciu a kontrakciu kardiomyocytov; \u0160kolite\u013e: Alexandra Zahradn\u00edkov\u00e1 ml. S\u00fa\u010dasn\u00e9 pracovisko: vedeck\u00fd pracovn\u00edk, Oddelenie bunkovej kardiol\u00f3gie,&#8230;<span class=\"excerpt_more\"><a href=\"https:\/\/confolab.sav.sk\/ovsb\/aktivity\/absolventi-phd-studia\/\">\u010d\u00edta\u0165 \u010falej &raquo;<\/a><\/span><\/p>\n","protected":false},"author":1,"featured_media":0,"parent":16,"menu_order":60,"comment_status":"closed","ping_status":"closed","template":"","meta":[],"_links":{"self":[{"href":"https:\/\/confolab.sav.sk\/ovsb\/wp-json\/wp\/v2\/pages\/41"}],"collection":[{"href":"https:\/\/confolab.sav.sk\/ovsb\/wp-json\/wp\/v2\/pages"}],"about":[{"href":"https:\/\/confolab.sav.sk\/ovsb\/wp-json\/wp\/v2\/types\/page"}],"author":[{"embeddable":true,"href":"https:\/\/confolab.sav.sk\/ovsb\/wp-json\/wp\/v2\/users\/1"}],"replies":[{"embeddable":true,"href":"https:\/\/confolab.sav.sk\/ovsb\/wp-json\/wp\/v2\/comments?post=41"}],"version-history":[{"count":48,"href":"https:\/\/confolab.sav.sk\/ovsb\/wp-json\/wp\/v2\/pages\/41\/revisions"}],"predecessor-version":[{"id":2757,"href":"https:\/\/confolab.sav.sk\/ovsb\/wp-json\/wp\/v2\/pages\/41\/revisions\/2757"}],"up":[{"embeddable":true,"href":"https:\/\/confolab.sav.sk\/ovsb\/wp-json\/wp\/v2\/pages\/16"}],"wp:attachment":[{"href":"https:\/\/confolab.sav.sk\/ovsb\/wp-json\/wp\/v2\/media?parent=41"}],"curies":[{"name":"wp","href":"https:\/\/api.w.org\/{rel}","templated":true}]}}