{"id":38,"date":"2018-01-08T08:44:57","date_gmt":"2018-01-08T08:44:57","guid":{"rendered":"http:\/\/confolab.sav.sk\/ovsb\/?page_id=38"},"modified":"2023-10-02T14:24:48","modified_gmt":"2023-10-02T14:24:48","slug":"v-mediach","status":"publish","type":"page","link":"https:\/\/confolab.sav.sk\/ovsb\/aktivity\/povedali-o-nas\/v-mediach\/","title":{"rendered":"&#8230; v m\u00e9di\u00e1ch"},"content":{"rendered":"<p><script type=\"text\/javascript\">\n<!--\nfunction launch(newURL, newName, newFeatures, orgName) {\n  var remote = open(newURL, newName, newFeatures);\n  if (remote.opener == null)\n    remote.opener = window;\n  remote.opener.name = orgName;\n  return remote;\n}\n\nfunction launchRemote(name) {\n  var address =  name;\n  myRemote = launch(address ,\n                    \"Okno\",\n                    \"height=500, width=850, left=50, top=50, alwaysLowered=0, alwaysRaised=0, channelmode=0, dependent=0, directories=0, fullscreen=0, hotkeys=1, location=0, menubar=0, resizable=0, scrollbars=0, status=0, titlebar=1, toolbar=0, z-lock=0\",\n                    \"myWindow\");\n}\n\/\/ -->>\n<\/script><\/p>\n<h2>V tejto \u010dasti sa nach\u00e1dzaj\u00fa vyjadrenia o na\u0161ej pr\u00e1ci a na\u0161om v\u00fdskume v novin\u00e1ch, \u010dasopisoch, v informa\u010dn\u00fdch bulletinoch a na internete.<\/h2>\n<table class=\"list\" cellspacing=\"0\" cellpadding=\"4\">\n<tbody>\n<tr>\n<td><a href='javascript:launchRemote(\"https:\/\/spravy.sav.sk\/spravy-sav-62015\/\")'><img decoding=\"async\" class=\"aligncenter\" src=\"https:\/\/spravy.sav.sk\/wp-content\/themes\/akademia\/img\/layout\/header\/logo.png\" alt=\"link\" width=\"80\" border=\"0\" hspace=\"3\" vspace=\"1\" \/><\/a><\/td>\n<td>\u201cV srdci srdca \u201d, Spr\u00e1vy SAV 51(6):11, december 2015<br \/>\nRozhovor s I. Zahradn\u00edkom o v\u00fdskume na OVSB, str. 11<\/td>\n<\/tr>\n<tr>\n<td><a href='javascript:launchRemote(\"https:\/\/www.science.sk\/clanky-a-rozhovory\/ziva-priroda-a-chemicke-vedy\/lekarstvo\/5476-arytmiu-moze-sposobit-aj-vapnik-slovenski-vedci-odhalili-jej-mechanizmus\")'><img decoding=\"async\" class=\"aligncenter\" src=\"https:\/\/science.dennikn.sk\/templates\/science_home_clanky\/images\/loga\/science10.jpg\" alt=\"link\" width=\"80\" border=\"0\" hspace=\"3\" vspace=\"1\" \/><\/a><\/td>\n<td>Zuzana V\u00edtkov\u00e1, \u201cArytmiu sp\u00f4sobuje aj v\u00e1pnik, vedci odhalili jej mechanizmus\u201d, Science.sk, december 2014<br \/>\n\u010cl\u00e1nok o v\u00fdskume regul\u00e1cie uvo\u013e\u0148ovania v\u00e1pnika a jej naru\u0161en\u00ed chorobami<\/td>\n<\/tr>\n<tr>\n<td> <a href='javascript:launchRemote(\"https:\/\/www.24hod.sk\/vedci-su-blizsie-k-pochopeniu-srdcovych-arytmii-pomohli-aj-slovaci-cl325887.html\")'><img decoding=\"async\" loading=\"lazy\" class=\"alignnone wp-image-1342\" src=\"https:\/\/confolab.sav.sk\/ovsb\/wp-content\/uploads\/24h-100x42.jpg\" alt=\"24h\" width=\"80\" height=\"33\" \/><\/a> <a href='javascript:launchRemote(\"https:\/\/tech.sme.sk\/c\/7548929\/slovaci-ukazali-zaklady-novej-liecby-srdca.html\")'><img decoding=\"async\" loading=\"lazy\" class=\"alignnone wp-image-1339\" src=\"https:\/\/confolab.sav.sk\/ovsb\/wp-content\/uploads\/SMETech-100x27.jpg\" alt=\"SMETech\" width=\"80\" height=\"22\" \/><\/a> <a href='javascript:launchRemote(\"https:\/\/spravy.sav.sk\/spravy-sav-122014\/\")'><img decoding=\"async\" class=\"alignnone\" src=\"https:\/\/spravy.sav.sk\/wp-content\/themes\/akademia\/img\/layout\/header\/logo.png\" alt=\"link\" width=\"80\" border=\"0\" hspace=\"0\" vspace=\"1\" \/><\/a><a href='javascript:launchRemote(\"https:\/\/vat.pravda.sk\/clovek\/clanok\/339203-slovenski-vedci-prispeli-k-vyskumu-pricin-ochorenia-srdca\/\")'> <img decoding=\"async\" src=\"https:\/\/ipravda.sk\/res\/veda\/head_logo_sk_veda.png?new\" alt=\"link\" width=\"80\" border=\"0\" hspace=\"0\" vspace=\"1\" \/><\/a><\/td>\n<td>Ohlasy v slovensk\u00fdch m\u00e9di\u00e1ch na publik\u00e1ciu (ohlas v Spr\u00e1vach SAV je na s. 14)<br \/>\n<i>Borko \u013d, Bauerov\u00e1-Hlinkov\u00e1 V, Hostinov\u00e1 E, Ga\u0161per\u00edk J, Beck K, Lai FA, Zahradn\u00edkov\u00e1 A, \u0160evc\u00edk J. (2014) Acta Crystallogr D Biol Crystallogr 70: 2897-2912.<\/i><\/td>\n<\/tr>\n<tr>\n<td><a href='javascript:launchRemote(\"https:\/\/www.cardiff.ac.uk\/news\/articles\/the-tiny-flaw-behind-a-chaotic-heartbeat-13815.html\")'><img decoding=\"async\" src=\"https:\/\/static.cf.ac.uk\/cfui\/1.6.2\/img\/logo.png\" alt=\"link\" width=\"80\" border=\"0\" hspace=\"1\" vspace=\"1\" \/><\/a> <a href='javascript:launchRemote(\"https:\/\/www.southwalesargus.co.uk\/news\/11692990.Newport_scientist_leads_pioneering_heart_research\/\")'> <img decoding=\"async\" src=\"https:\/\/www.southwalesargus.co.uk\/resources\/images\/sitelogo\/\" alt=\"link\" width=\"80\" border=\"0\" hspace=\"1\" vspace=\"1\" \/><\/a> <a href='javascript:launchRemote(\"https:\/\/www.ibtimes.co.uk\/cure-heart-diseases-may-be-possible-soon-thanks-major-discovery-1475282\")'><img decoding=\"async\" loading=\"lazy\" class=\"alignnone wp-image-1349\" src=\"https:\/\/confolab.sav.sk\/ovsb\/wp-content\/uploads\/IBTimes-100x13.jpg\" alt=\"IBTimes\" width=\"80\" height=\"10\" \/><\/a><br \/>\n<a href='javascript:launchRemote(\"https:\/\/www.eurekalert.org\/pub_releases\/2014-11\/cu-tyh111714.php\")'><img decoding=\"async\" loading=\"lazy\" class=\"alignnone wp-image-1345\" src=\"https:\/\/confolab.sav.sk\/ovsb\/wp-content\/uploads\/Eurekalert-100x27.jpg\" alt=\"Eurekalert\" width=\"80\" height=\"22\" \/><\/a><\/td>\n<td>Ohlasy v medzin\u00e1rodn\u00fdch m\u00e9di\u00e1ch na publik\u00e1ciu<br \/>\n<i>Borko \u013d, Bauerov\u00e1-Hlinkov\u00e1 V, Hostinov\u00e1 E, Ga\u0161per\u00edk J, Beck K, Lai FA, Zahradn\u00edkov\u00e1 A, \u0160evc\u00edk J. (2014) Acta Crystallogr D Biol Crystallogr 70: 2897-2912.<\/i><\/td>\n<\/tr>\n<tr>\n<td><a href='javascript:launchRemote(\"https:\/\/www.science.sk\/clanky-a-rozhovory\/ziva-priroda-a-chemicke-vedy\/biologia-a-chemia\/5124-nobelova-cena-za-chemiu-ako-sa-z-mikroskopu-stal-nanoskop\")'><img decoding=\"async\" class=\"aligncenter\" src=\"https:\/\/science.dennikn.sk\/templates\/science_home_clanky\/images\/loga\/science10.jpg\" alt=\"link\" width=\"80\" border=\"0\" hspace=\"3\" vspace=\"1\" \/><\/a><\/td>\n<td>Fr\u00e9d\u00e9rique Haz\u00e9ov\u00e1 , &#8222;Nobelova cena za ch\u00e9miu: Ako sa z mikroskopu stal nanoskop&#8220;, Science.sk, October 2014<br \/>\nRozhovor s <i> A Zahradn\u00edkovou<\/i> o Nobelovej cene za met\u00f3dy zobrazovania s rozl\u00ed\u0161en\u00edm nad difrak\u010dn\u00fd limit a ich vyu\u017eitie pre \u0161t\u00fadium \u017eiv\u00fdch buniek<\/td>\n<\/tr>\n<\/tr>\n<tr>\n<td><a href='javascript:launchRemote(\"https:\/\/www.pluska.sk\/zena\/rodina-vztahy\/tri-pary-ktore-su-spolu-24-7-ake-je-pracovat-spolocne.html\")'><img decoding=\"async\" class=\"alignnone\" src=\"https:\/\/www.pluska.sk\/images\/pluska\/css\/logo-glanc.png\" alt=\"link\" width=\"80\" border=\"0\" hspace=\"0\" vspace=\"1\" \/><\/a><\/td>\n<td>Katar\u00edna \u010culenov\u00e1 , &#8222;Tri p\u00e1ry, ktor\u00e9 s\u00fa spolu: Ak\u00e9 je to pracova\u0165 spolo\u010dne?&#8220;, \u0160arm 24\/7, 12. 6. 2014<br \/>\nrozhovor K. \u010culenovej s <i> I. Zahradn\u00edkom a A. Zahradn\u00edkovou <\/i> a dvoma \u010fal\u0161\u00edmi man\u017eelsk\u00fdmi p\u00e1rmi o v\u00fdhod\u00e1ch a nev\u00fdhod\u00e1ch spolo\u010dnej pr\u00e1ce<\/td>\n<\/tr>\n<tr>\n<td><a href='javascript:launchRemote(\"https:\/\/spravy.sav.sk\/spravy-sav-32014\/\")'><img decoding=\"async\" class=\"alignnone\" src=\"https:\/\/spravy.sav.sk\/wp-content\/themes\/akademia\/img\/layout\/header\/logo.png\" alt=\"link\" width=\"80\" border=\"0\" hspace=\"0\" vspace=\"1\" \/><\/a><\/td>\n<td>&#8222;Ocenenie originality vedeck\u00e9ho pr\u00edstupu&#8220; &#8211; Spr\u00e1vy SAV 3\/2014, str. 7<br \/>\n\u010dl\u00e1nok Emila Bor\u010dina o v\u00fdskume <em>A. Zahradn\u00edkovej<\/em><\/td>\n<\/tr>\n<tr>\n<td><a href='javascript:launchRemote(\"https:\/\/www.science.sk\/kto-je-kto-v-slovenskej-vede\/osobnosti\/veda-a-vyskum\/3760-ivan-zahradnik\")'><img decoding=\"async\" class=\"aligncenter\" src=\"https:\/\/science.dennikn.sk\/templates\/science_home_clanky\/images\/loga\/science10.jpg\" alt=\"link\" width=\"80\" border=\"0\" hspace=\"3\" vspace=\"1\" \/><\/a><\/td>\n<td>&#8222;Kto je kto v slovenskej vede: Osobnosti \u2013 Veda a v\u00fdskum, Ivan Zahradn\u00edk&#8220;, Science.sk, October 2013<br \/>\no v\u00fdskume <i>I Zahradn\u00edka<\/i><\/td>\n<\/tr>\n<tr>\n<td><a href='javascript:launchRemote(\"https:\/\/www.science.sk\/kto-je-kto-v-slovenskej-vede\/osobnosti\/veda-a-vyskum\/3759-alexandra-zahradnikova\")'><img decoding=\"async\" class=\"aligncenter\" src=\"https:\/\/science.dennikn.sk\/templates\/science_home_clanky\/images\/loga\/science10.jpg\" alt=\"link\" width=\"80\" border=\"0\" hspace=\"3\" vspace=\"1\" \/><\/a><\/td>\n<td>&#8222;Kto je kto v slovenskej vede: Osobnosti \u2013 Veda a v\u00fdskum, Alexandra Zahradn\u00edkov\u00e1&#8220;, Science.sk, May 2013<br \/>\no v\u00fdskume <i>A Zahradn\u00edkovej<\/i><\/td>\n<\/tr>\n<tr>\n<td width=\"10%\"><a href='javascript:launchRemote(\"https:\/\/www.biophysics.org\/Publications\/Newsletter\/PastIssues\/May2011\/BiophysicistinProfile\/tabid\/2874\/Default.aspx\" )'><img decoding=\"async\" class=\"aligncenter\" src=\"https:\/\/www.biophysics.org\/portals\/1\/Images\/Newsletter\/2014\/current.jpg\" alt=\"link\" width=\"80\" border=\"0\" hspace=\"3\" vspace=\"1\" \/><\/a><\/td>\n<td>E Retrosi, &#8222;Portr\u00e9t biofyzika&#8220;, Informa\u010dn\u00fd bulletin Biofyzik\u00e1lnej spolo\u010dnosti USA, m\u00e1j 2011<br \/>\nPortr\u00e9t <i>A Zahradn\u00edkovej<\/i><\/td>\n<\/tr>\n<tr>\n<td><a href='javascript:launchRemote(\"https:\/\/veda.sme.sk\/c\/6117876\/alexandra-zahradnikova-odobrate-srdce-stale-zije.html\")'><img decoding=\"async\" loading=\"lazy\" class=\"alignnone wp-image-1320\" src=\"https:\/\/confolab.sav.sk\/ovsb\/wp-content\/uploads\/vedaSMEsk-100x27.jpg\" alt=\"vedaSMEsk\" width=\"80\" height=\"22\" \/><\/a><\/td>\n<td>T Prokop\u010d\u00e1k, &#8222;Alexandra Zahradn\u00edkov\u00e1: Odobrat\u00e9 srdce st\u00e1le \u017eije&#8220;, veda.SME.sk, okt\u00f3ber 2011<br \/>\nRozhovor s <i> A Zahradn\u00edkovou<\/i> o v\u00fdskume v OVSB<\/td>\n<\/tr>\n<tr>\n<td><a href='javascript:launchRemote(\"https:\/\/spravy.pravda.sk\/ako-sa-dobrat-k-najvacsim-tajomstvam-srdca-fil-\/sk_domace.asp?c=A100730_170158_sk_domace_p23\")'><img decoding=\"async\" loading=\"lazy\" class=\"alignnone wp-image-1321\" src=\"https:\/\/confolab.sav.sk\/ovsb\/wp-content\/uploads\/spravy.pravda-100x25.jpg\" alt=\"spravy.pravda\" width=\"80\" height=\"20\" \/><\/a><\/td>\n<td>V Jancura, &#8222;Ako sa dobra\u0165 k najv\u00e4\u010d\u0161\u00edm tajomstv\u00e1m srdca&#8220;, spr\u00e1vy.PRAVDA.sk, august 2010<br \/>\nRozhovor s <i>A Zahradn\u00edkovou<\/i><\/td>\n<\/tr>\n<tr>\n<td><a href='javascript:launchRemote(\"https:\/\/zena.sme.sk\/c\/5558046\/alexandra-zahradnikova-clovek-ma-mat-jasnu-predstavu-co-chce-dosiahnut.html\")'><img decoding=\"async\" loading=\"lazy\" class=\"alignnone wp-image-1322\" src=\"https:\/\/confolab.sav.sk\/ovsb\/wp-content\/uploads\/zenaSMEsk-100x27.jpg\" alt=\"zenaSMEsk\" width=\"80\" height=\"22\" \/><\/a><\/td>\n<td>M Mihali\u010dkov\u00e1, &#8222;Alexandra Zahradn\u00edkov\u00e1: \u010clovek m\u00e1 ma\u0165 jasn\u00fa predstavu, \u010do chce dosiahnu\u0165&#8220;, zena.SME.sk, september 2010<br \/>\nRozhovor s <i> A Zahradn\u00edkovou <\/i> o v\u00fdsledkoch publikovan\u00fdch v pr\u00e1ci: <i>Zahradn\u00edkov\u00e1 A, Valent I, Zahradn\u00edk I (2010), J Gen Physiol 136: 101-116. <\/i><\/td>\n<\/tr>\n<tr>\n<td><a href='javascript:launchRemote(\"https:\/\/www.webnoviny.sk\/veda-a-technika\/objasnili-mechanizmus-srdcovych-svalov\/178512-clanok.html\")'><img decoding=\"async\" loading=\"lazy\" class=\"alignnone wp-image-1330\" src=\"https:\/\/confolab.sav.sk\/ovsb\/wp-content\/uploads\/webnoviny-100x34.jpg\" alt=\"webnoviny\" width=\"80\" height=\"27\" \/><\/a> <\/td>\n<td>Ohlasy v m\u00e9di\u00e1ch na publik\u00e1ciu<br \/>\n<i>Zahradn\u00edkov\u00e1 A, Valent I, Zahradn\u00edk I (2010), J Gen Physiol 136: 101-116.<\/i><\/td>\n<\/tr>\n<tr>\n<td><a href='javascript:launchRemote(\"https:\/\/www.vedatechnika.sk\/SK\/VEDAASPOLOCNOST\/ZENYVOVEDE\/ZATAJOMSTVOMUSPECHU\/Stranky\/IngAlexandraZahradnikovaCSc.aspx\")'><img decoding=\"async\" class=\"alignnone wp-image-1323\" src=\"https:\/\/www.cvtisr.sk\/buxus\/images\/Popularizacia_vedy\/NCPVaT_175.jpg\" alt=\"PopVaT\" width=\"80\" \/><\/a><\/td>\n<td>M Barto\u0161ovi\u010dov\u00e1, Centr\u00e1lny informa\u010dn\u00fd port\u00e1l pre v\u00fdskum, v\u00fdvoj a inform\u00e1cie<br \/>\nRozhovor s <i>A Zahradn\u00edkovou<\/i> v \u010dasti &#8222;\u017deny vo vede&#8220;<\/td>\n<\/tr>\n<tr>\n<td><a href='javascript:launchRemote(\"https:\/\/magazin.atlas.sk\/techmag\/genova-mutacia-moze-sposobit-nahlu-srdcovu-smrt\/668747.html\")'><img decoding=\"async\" loading=\"lazy\" class=\"alignnone wp-image-1328\" src=\"https:\/\/confolab.sav.sk\/ovsb\/wp-content\/uploads\/magazin-100x44.jpg\" alt=\"magazin\" width=\"80\" height=\"35\" \/><\/a><\/td>\n<td>Inform\u00e1cia o <i>6. R\u00e1mcovom programe projektu CONTICA<\/i> vo web magaz\u00edne Magazin.sk, febru\u00e1r 2008<\/td>\n<\/tr>\n<tr>\n<td><a href='javascript:launchRemote(\"https:\/\/www.sav.sk\/index.php?lang=sk&amp;charset=&amp;doc=services-news&amp;source_no=20&amp;news_no=1822&amp;lang_change=en\")'><img decoding=\"async\" class=\"aligncenter\" src=\"https:\/\/www.sav.sk\/img\/layout\/header\/logo_sm.png\" alt=\"link\" width=\"80\" border=\"0\" hspace=\"3\" vspace=\"1\" \/><\/a><\/td>\n<td>F Tisovic &#8222;Projekt o srdcov\u00fdch arytmi\u00e1ch&#8220;<br \/>\nInform\u00e1cia o tla\u010dovej konferenci\u00ed <i> o projekte CONTICA 6. R\u00e1mcov\u00e9ho programu E\u00da<\/i><\/td>\n<\/tr>\n<tr>\n<td><a href='javascript:launchRemote(\"https:\/\/www.sav.sk\/index.php?lang=sk&amp;charset=&amp;doc=services-news&amp;source_no=20&amp;news_no=453\")'><img decoding=\"async\" class=\"aligncenter\" src=\"https:\/\/www.sav.sk\/img\/layout\/header\/logo_sm.png\" alt=\"link\" width=\"80\" border=\"0\" hspace=\"3\" vspace=\"1\" \/><\/a><\/td>\n<td>I Zahradn\u00edk, &#8222;TV Mark\u00edza o medzin\u00e1rodnej vedeckej spolupr\u00e1ci&#8220;, m\u00e1j 2005<br \/>\nInform\u00e1cia o rozhovore S. Dvorsk\u00e9ho s <i>M. Novotovou a R. Ventura-Clapier<\/i> na TV stanici Mark\u00edza, motivovanom filmom \u201eProfession: chercheur\u201d, ktor\u00fd vyrobila TV Arte<\/td>\n<\/tr>\n<\/tbody>\n<\/table>\n","protected":false},"excerpt":{"rendered":"<p>V tejto \u010dasti sa nach\u00e1dzaj\u00fa vyjadrenia o na\u0161ej pr\u00e1ci a na\u0161om v\u00fdskume v novin\u00e1ch, \u010dasopisoch, v informa\u010dn\u00fdch bulletinoch a na internete. \u201cV srdci srdca \u201d,&#8230;<span class=\"excerpt_more\"><a href=\"https:\/\/confolab.sav.sk\/ovsb\/aktivity\/povedali-o-nas\/v-mediach\/\">\u010d\u00edta\u0165 \u010falej &raquo;<\/a><\/span><\/p>\n","protected":false},"author":1,"featured_media":0,"parent":36,"menu_order":20,"comment_status":"closed","ping_status":"closed","template":"","meta":[],"_links":{"self":[{"href":"https:\/\/confolab.sav.sk\/ovsb\/wp-json\/wp\/v2\/pages\/38"}],"collection":[{"href":"https:\/\/confolab.sav.sk\/ovsb\/wp-json\/wp\/v2\/pages"}],"about":[{"href":"https:\/\/confolab.sav.sk\/ovsb\/wp-json\/wp\/v2\/types\/page"}],"author":[{"embeddable":true,"href":"https:\/\/confolab.sav.sk\/ovsb\/wp-json\/wp\/v2\/users\/1"}],"replies":[{"embeddable":true,"href":"https:\/\/confolab.sav.sk\/ovsb\/wp-json\/wp\/v2\/comments?post=38"}],"version-history":[{"count":11,"href":"https:\/\/confolab.sav.sk\/ovsb\/wp-json\/wp\/v2\/pages\/38\/revisions"}],"predecessor-version":[{"id":2494,"href":"https:\/\/confolab.sav.sk\/ovsb\/wp-json\/wp\/v2\/pages\/38\/revisions\/2494"}],"up":[{"embeddable":true,"href":"https:\/\/confolab.sav.sk\/ovsb\/wp-json\/wp\/v2\/pages\/36"}],"wp:attachment":[{"href":"https:\/\/confolab.sav.sk\/ovsb\/wp-json\/wp\/v2\/media?parent=38"}],"curies":[{"name":"wp","href":"https:\/\/api.w.org\/{rel}","templated":true}]}}