{"id":2607,"date":"2024-02-15T12:24:52","date_gmt":"2024-02-15T12:24:52","guid":{"rendered":"https:\/\/confolab.sav.sk\/ovsb\/?page_id=2607"},"modified":"2024-02-15T12:27:45","modified_gmt":"2024-02-15T12:27:45","slug":"medaila-zalozenia-spolecnosti-lekarsko-slowanskej","status":"publish","type":"page","link":"https:\/\/confolab.sav.sk\/ovsb\/aktivity\/ocenenia\/medaila-zalozenia-spolecnosti-lekarsko-slowanskej\/","title":{"rendered":"Medaila zalo\u017eenia spole\u010dnosti l\u00e9ka\u0159sko-slowanskej"},"content":{"rendered":"<p><button onclick=\"goBack()\">Nasp\u00e4\u0165<\/button> <\/h2>\n<p><script>\t \t \nfunction goBack() { window.history.go(-1); }\t \t \n<\/script><strong>Ing. Alexandra Zahradn\u00edkov\u00e1, DrSc.<\/strong> si na zasadan\u00ed Slovenskej fyziologickej spolo\u010dnosti (SFyS) SLS v r\u00e1mci konferencie 99. Fyziologick\u00e9 dni v Bratislave d\u0148a 7. 2. 2024 prevzala Medailu zalo\u017eenia spole\u010dnosti l\u00e9ka\u0159sko-slowanskej z r\u00fak predsedn\u00ed\u010dky SFyS Prof. MUDr. Andrey \u010calkovskej, DrSc. a vedeck\u00e9ho sekret\u00e1ra SFyS Prof. MUDr. Kamila Javorku, DrSc.. T\u00fato cenu ude\u013euje Slovensk\u00e1 lek\u00e1rska spolo\u010dnos\u0165 za vedeck\u00fd pr\u00ednos v r\u00e1mci lek\u00e1rskych a farmaceutick\u00fdch vied a rozvoj medzin\u00e1rodnej vedeckej spolupr\u00e1ce.<\/p>\n<table>\n<tbody>\n<tr>\n<td><img decoding=\"async\" class=\"alignnone\" src=\"\"  height=\"200\" \/><\/td>\n<\/tr>\n<\/tbody>\n<\/table>\n","protected":false},"excerpt":{"rendered":"<p>Nasp\u00e4\u0165 Ing. Alexandra Zahradn\u00edkov\u00e1, DrSc. si na zasadan\u00ed Slovenskej fyziologickej spolo\u010dnosti (SFyS) SLS v r\u00e1mci konferencie 99. Fyziologick\u00e9 dni v Bratislave d\u0148a 7. 2. 2024&#8230;<span class=\"excerpt_more\"><a href=\"https:\/\/confolab.sav.sk\/ovsb\/aktivity\/ocenenia\/medaila-zalozenia-spolecnosti-lekarsko-slowanskej\/\">\u010d\u00edta\u0165 \u010falej &raquo;<\/a><\/span><\/p>\n","protected":false},"author":1,"featured_media":0,"parent":35,"menu_order":0,"comment_status":"closed","ping_status":"closed","template":"","meta":[],"_links":{"self":[{"href":"https:\/\/confolab.sav.sk\/ovsb\/wp-json\/wp\/v2\/pages\/2607"}],"collection":[{"href":"https:\/\/confolab.sav.sk\/ovsb\/wp-json\/wp\/v2\/pages"}],"about":[{"href":"https:\/\/confolab.sav.sk\/ovsb\/wp-json\/wp\/v2\/types\/page"}],"author":[{"embeddable":true,"href":"https:\/\/confolab.sav.sk\/ovsb\/wp-json\/wp\/v2\/users\/1"}],"replies":[{"embeddable":true,"href":"https:\/\/confolab.sav.sk\/ovsb\/wp-json\/wp\/v2\/comments?post=2607"}],"version-history":[{"count":2,"href":"https:\/\/confolab.sav.sk\/ovsb\/wp-json\/wp\/v2\/pages\/2607\/revisions"}],"predecessor-version":[{"id":2610,"href":"https:\/\/confolab.sav.sk\/ovsb\/wp-json\/wp\/v2\/pages\/2607\/revisions\/2610"}],"up":[{"embeddable":true,"href":"https:\/\/confolab.sav.sk\/ovsb\/wp-json\/wp\/v2\/pages\/35"}],"wp:attachment":[{"href":"https:\/\/confolab.sav.sk\/ovsb\/wp-json\/wp\/v2\/media?parent=2607"}],"curies":[{"name":"wp","href":"https:\/\/api.w.org\/{rel}","templated":true}]}}