{"id":255,"date":"2018-01-09T09:40:20","date_gmt":"2018-01-09T09:40:20","guid":{"rendered":"http:\/\/confolab.sav.sk\/ovsb\/?page_id=255"},"modified":"2023-10-02T14:49:26","modified_gmt":"2023-10-02T14:49:26","slug":"video-o-vyskume-vapnikovych-vln-v-srdcovych-myocytoch","status":"publish","type":"page","link":"https:\/\/confolab.sav.sk\/ovsb\/aktivity\/udalosti\/video-o-vyskume-vapnikovych-vln-v-srdcovych-myocytoch\/","title":{"rendered":"Video o v\u00fdskume v\u00e1pnikov\u00fdch v\u013an v srdcov\u00fdch myocytoch"},"content":{"rendered":"<p><script type=\"text\/javascript\">\n<!--\nfunction launch(newURL, newName, newFeatures, orgName) {\n  var remote = open(newURL, newName, newFeatures);\n  if (remote.opener == null)\n    remote.opener = window;\n  remote.opener.name = orgName;\n  return remote;\n}\n\nfunction launchRemote(name) {\n  var address =  name;\n  myRemote = launch(address ,\n                    \"Okno\",\n                    \"height=500, width=850, left=50, top=50, alwaysLowered=0, alwaysRaised=0, channelmode=0, dependent=0, directories=0, fullscreen=0, hotkeys=1, location=0, menubar=0, resizable=0, scrollbars=0, status=0, titlebar=1, toolbar=0, z-lock=0\",\n                    \"myWindow\");\n}\n\/\/ -->>\n<\/script><button onclick=\"goBack()\">Nasp\u00e4\u0165<\/button><br \/>\n<script>\t \t \nfunction goBack() { window.history.go(-1); }\t \t \n<\/script><br \/>\nVypracovali sme video ur\u010den\u00e9 pre v\u00fdskumn\u00edkov in\u00fdch oblast\u00ed vedy, objas\u0148uj\u00face \u010dl\u00e1nok &#8222;<a href=\"https:\/\/jgp.rupress.org\/content\/145\/6\/489.abstract\">Ryanodine receptor gating controls generation of diastolic calcium waves in cardiac myocytes<\/a>&#8220; autorov Pavel Petrovi\u010d, Ivan Valent, Elena Cocherov\u00e1, Jana Pavelkov\u00e1 a Alexandra Zahradn\u00edkov\u00e1:<\/p>\n<table width=\"100%\">\n<tbody>\n<tr>\n<td width=\"15%\"><\/td>\n<td><iframe loading=\"lazy\" src=\"https:\/\/www.youtube.com\/embed\/Pue2SPAytLE\" width=\"429\" height=\"241\" frameborder=\"0\"><\/iframe><\/td>\n<\/tr>\n<\/tbody>\n<\/table>\n<p>Anglick\u00fd origin\u00e1l videa je na <a href='javascript:launchRemote(\"https:\/\/youtu.be\/4PmnQryo6No\")'>youtube linke<\/a><\/p>\n","protected":false},"excerpt":{"rendered":"<p>Nasp\u00e4\u0165 Vypracovali sme video ur\u010den\u00e9 pre v\u00fdskumn\u00edkov in\u00fdch oblast\u00ed vedy, objas\u0148uj\u00face \u010dl\u00e1nok &#8222;Ryanodine receptor gating controls generation of diastolic calcium waves in cardiac myocytes&#8220; autorov&#8230;<span class=\"excerpt_more\"><a href=\"https:\/\/confolab.sav.sk\/ovsb\/aktivity\/udalosti\/video-o-vyskume-vapnikovych-vln-v-srdcovych-myocytoch\/\">\u010d\u00edta\u0165 \u010falej &raquo;<\/a><\/span><\/p>\n","protected":false},"author":2,"featured_media":0,"parent":40,"menu_order":130,"comment_status":"closed","ping_status":"closed","template":"","meta":[],"_links":{"self":[{"href":"https:\/\/confolab.sav.sk\/ovsb\/wp-json\/wp\/v2\/pages\/255"}],"collection":[{"href":"https:\/\/confolab.sav.sk\/ovsb\/wp-json\/wp\/v2\/pages"}],"about":[{"href":"https:\/\/confolab.sav.sk\/ovsb\/wp-json\/wp\/v2\/types\/page"}],"author":[{"embeddable":true,"href":"https:\/\/confolab.sav.sk\/ovsb\/wp-json\/wp\/v2\/users\/2"}],"replies":[{"embeddable":true,"href":"https:\/\/confolab.sav.sk\/ovsb\/wp-json\/wp\/v2\/comments?post=255"}],"version-history":[{"count":2,"href":"https:\/\/confolab.sav.sk\/ovsb\/wp-json\/wp\/v2\/pages\/255\/revisions"}],"predecessor-version":[{"id":2510,"href":"https:\/\/confolab.sav.sk\/ovsb\/wp-json\/wp\/v2\/pages\/255\/revisions\/2510"}],"up":[{"embeddable":true,"href":"https:\/\/confolab.sav.sk\/ovsb\/wp-json\/wp\/v2\/pages\/40"}],"wp:attachment":[{"href":"https:\/\/confolab.sav.sk\/ovsb\/wp-json\/wp\/v2\/media?parent=255"}],"curies":[{"name":"wp","href":"https:\/\/api.w.org\/{rel}","templated":true}]}}