{"id":192,"date":"2018-01-08T12:37:23","date_gmt":"2018-01-08T12:37:23","guid":{"rendered":"http:\/\/confolab.sav.sk\/ovsb\/?page_id=192"},"modified":"2024-02-16T13:13:33","modified_gmt":"2024-02-16T13:13:33","slug":"cena-slovenskej-akademie-vied-za-vyskumnu-cinnost-2014","status":"publish","type":"page","link":"https:\/\/confolab.sav.sk\/ovsb\/aktivity\/ocenenia\/cena-slovenskej-akademie-vied-za-vyskumnu-cinnost-2014\/","title":{"rendered":"Cena Slovenskej akad\u00e9mie vied za v\u00fdskumn\u00fa \u010dinnos\u0165, 2014"},"content":{"rendered":"<p><button onclick=\"goBack()\">Nasp\u00e4\u0165<\/button> <\/h2>\n<p><script>\t \t \nfunction goBack() { window.history.go(-1); }\t \t \n<\/script>bola udelen\u00e1 v Smoleniciach 29. 6. 2015 <b>kolekt\u00edvu pracovn\u00edkov \u00dastavu molekul\u00e1rnej fyziol\u00f3gie a genetiky SAV v zlo\u017een\u00ed: <\/b>Ing. Alexandra Zahradn\u00edkov\u00e1, DrSc.,RNDr. Ivan Zahradn\u00edk, CSc.,Mgr. Marta Gaburj\u00e1kov\u00e1, PhD. <b>a pracovn\u00edkov \u00dastavu molekul\u00e1rnej biol\u00f3gie SAV v zlo\u017een\u00ed:<\/b>Ing. Jozef \u0160ev\u010d\u00edk, DrSc.,Mgr. Vladena Bauerov\u00e1, PhD. za s\u00fabor vedeckov\u00fdskumn\u00fdch pr\u00e1c<\/p>\n<h2><b>\u201c\u0160trukt\u00fara a funkcia ryanod\u00ednov\u00e9ho receptora vo vz\u0165ahu k funkcii srdca\u201d<\/b><\/h2>\n<p>&nbsp;<\/p>\n<table>\n<tbody>\n<tr>\n<td><img decoding=\"async\" class=\"alignnone\" src=\"https:\/\/www.sav.sk\/php\/image_thumb.php?image_id=24270&amp;image_hash=15580&amp;max=550\"  height=\"200\" \/><\/td>\n<td><iframe src=\"https:\/\/www.ta3.com\/embed\/20150629-F5FDD7C9-EB3C-4C3D-87B8-38110055EF56.html\" height=\"200\" frameborder=\"0\" scrolling=\"no\">&lt;br \/&gt;<\/iframe><\/td>\n<\/tr>\n<\/tbody>\n<\/table>\n<p>Link: <a href=\"https:\/\/www.sav.sk\/index.php?doc=services-news&amp;source_no=20&amp;news_no=5935\" target=\"_blank\" rel=\"noopener noreferrer\">SAV<\/a><\/p>\n","protected":false},"excerpt":{"rendered":"<p>Nasp\u00e4\u0165 bola udelen\u00e1 v Smoleniciach 29. 6. 2015 kolekt\u00edvu pracovn\u00edkov \u00dastavu molekul\u00e1rnej fyziol\u00f3gie a genetiky SAV v zlo\u017een\u00ed: Ing. Alexandra Zahradn\u00edkov\u00e1, DrSc.,RNDr. Ivan Zahradn\u00edk, CSc.,Mgr&#8230;.<span class=\"excerpt_more\"><a href=\"https:\/\/confolab.sav.sk\/ovsb\/aktivity\/ocenenia\/cena-slovenskej-akademie-vied-za-vyskumnu-cinnost-2014\/\">\u010d\u00edta\u0165 \u010falej &raquo;<\/a><\/span><\/p>\n","protected":false},"author":2,"featured_media":0,"parent":35,"menu_order":10,"comment_status":"closed","ping_status":"closed","template":"","meta":[],"_links":{"self":[{"href":"https:\/\/confolab.sav.sk\/ovsb\/wp-json\/wp\/v2\/pages\/192"}],"collection":[{"href":"https:\/\/confolab.sav.sk\/ovsb\/wp-json\/wp\/v2\/pages"}],"about":[{"href":"https:\/\/confolab.sav.sk\/ovsb\/wp-json\/wp\/v2\/types\/page"}],"author":[{"embeddable":true,"href":"https:\/\/confolab.sav.sk\/ovsb\/wp-json\/wp\/v2\/users\/2"}],"replies":[{"embeddable":true,"href":"https:\/\/confolab.sav.sk\/ovsb\/wp-json\/wp\/v2\/comments?post=192"}],"version-history":[{"count":6,"href":"https:\/\/confolab.sav.sk\/ovsb\/wp-json\/wp\/v2\/pages\/192\/revisions"}],"predecessor-version":[{"id":2624,"href":"https:\/\/confolab.sav.sk\/ovsb\/wp-json\/wp\/v2\/pages\/192\/revisions\/2624"}],"up":[{"embeddable":true,"href":"https:\/\/confolab.sav.sk\/ovsb\/wp-json\/wp\/v2\/pages\/35"}],"wp:attachment":[{"href":"https:\/\/confolab.sav.sk\/ovsb\/wp-json\/wp\/v2\/media?parent=192"}],"curies":[{"name":"wp","href":"https:\/\/api.w.org\/{rel}","templated":true}]}}