{"id":1705,"date":"2021-06-02T11:16:53","date_gmt":"2021-06-02T11:16:53","guid":{"rendered":"http:\/\/confolab.sav.sk\/ovsb\/?page_id=1705"},"modified":"2023-09-25T13:16:34","modified_gmt":"2023-09-25T13:16:34","slug":"strieborna-medaila-slovenskej-lekarskej-spolocnosti","status":"publish","type":"page","link":"https:\/\/confolab.sav.sk\/ovsb\/aktivity\/ocenenia\/strieborna-medaila-slovenskej-lekarskej-spolocnosti\/","title":{"rendered":"Strieborn\u00e1 medaila Slovenskej lek\u00e1rskej spolo\u010dnosti"},"content":{"rendered":"<p><button onclick=\"goBack()\">Nasp\u00e4\u0165<\/button> <\/h2>\n<p><script>\t \t \nfunction goBack() { window.history.go(-1); }\t \t \n<\/script>bola udelen\u00e1 <b>RNDr. Ivanovi Zahradn\u00edkovi, CSc.<\/b> za z\u00e1sluhy o budovanie a rozvoj Slovenskej lek\u00e1rskej spolo\u010dnosti.<\/p>\n<table>\n<tbody>\n<tr>\n<td><img decoding=\"async\" class=\"alignnone\" src=\"https:\/\/confolab.sav.sk\/ovsb\/wp-content\/uploads\/medaila_a_diplom-_SLS1.jpg\"  height=\"200\" \/><\/td>\n<\/tr>\n<\/tbody>\n<\/table>\n","protected":false},"excerpt":{"rendered":"<p>Nasp\u00e4\u0165 bola udelen\u00e1 RNDr. Ivanovi Zahradn\u00edkovi, CSc. za z\u00e1sluhy o budovanie a rozvoj Slovenskej lek\u00e1rskej spolo\u010dnosti.<\/p>\n","protected":false},"author":1,"featured_media":0,"parent":35,"menu_order":100,"comment_status":"closed","ping_status":"closed","template":"","meta":[],"_links":{"self":[{"href":"https:\/\/confolab.sav.sk\/ovsb\/wp-json\/wp\/v2\/pages\/1705"}],"collection":[{"href":"https:\/\/confolab.sav.sk\/ovsb\/wp-json\/wp\/v2\/pages"}],"about":[{"href":"https:\/\/confolab.sav.sk\/ovsb\/wp-json\/wp\/v2\/types\/page"}],"author":[{"embeddable":true,"href":"https:\/\/confolab.sav.sk\/ovsb\/wp-json\/wp\/v2\/users\/1"}],"replies":[{"embeddable":true,"href":"https:\/\/confolab.sav.sk\/ovsb\/wp-json\/wp\/v2\/comments?post=1705"}],"version-history":[{"count":5,"href":"https:\/\/confolab.sav.sk\/ovsb\/wp-json\/wp\/v2\/pages\/1705\/revisions"}],"predecessor-version":[{"id":2482,"href":"https:\/\/confolab.sav.sk\/ovsb\/wp-json\/wp\/v2\/pages\/1705\/revisions\/2482"}],"up":[{"embeddable":true,"href":"https:\/\/confolab.sav.sk\/ovsb\/wp-json\/wp\/v2\/pages\/35"}],"wp:attachment":[{"href":"https:\/\/confolab.sav.sk\/ovsb\/wp-json\/wp\/v2\/media?parent=1705"}],"curies":[{"name":"wp","href":"https:\/\/api.w.org\/{rel}","templated":true}]}}